at is the ten thousands digit of s?
1
Let a(p) = -p**3 - 15*p**2 - 20*p + 10. Let k be a(-12). Let q = k - -338. What is the units digit of q?
6
What is the hundreds digit of (4 + 0 + -1)*256869/27?
5
Let c = -436 + 917. Let u = c - 138. What is the units digit of u?
3
What is the hundreds digit of (-1 - -18)/1 - -2206?
2
Let l(s) = -s**3 - 6*s**2 + 6*s + 11. Let m be l(-7). Let k(o) = 7*o**2 - 15*o**2 + 7*o**2 - m + 23*o. What is the tens digit of k(14)?
0
Suppose d + 27373 - 83215 = -b, 5*d - 279206 = -4*b. What is the units digit of d?
8
Let y(j) = 90*j + 9650. What is the hundreds digit of y(86)?
3
Suppose -7*o - 19*o + 1169949 = 129481. What is the thousands digit of o?
0
Let g(z) = 4*z - 25. Let x(v) = -4*v + 25. Let n(f) = 2*g(f) + 3*x(f). Let b be n(7). What is the units digit of b/(-12) + (-190)/(-8)?
4
Let j(l) = -l**3 + 26*l**2 + 11*l + 17. Let q be j(26). What is the units digit of q - 20 - (2 - 0)?
1
Let t(d) = -2*d**2 + 3*d - 1. Let y be t(0). What is the hundreds digit of ((y + 7)/(-3))/((-4)/526)?
2
Let u be (98/(-5) - 6/(-10))*-3. Let v = u - -67. Let j = v - 86. What is the tens digit of j?
3
Suppose -53496 = 152*k + 152*k - 310*k. What is the hundreds digit of k?
9
Suppose 0 = 3*m - 14*a + 18*a - 1837, -2*a - 1220 = -2*m. Suppose -7*g + 1139 = -m. What is the units digit of g?
0
Let l(g) = -41*g - 8. Let k be l(-4). Let t = k + 19. Suppose x = -2*d + t, 0 = 5*d + 2*x + 2*x - 445. What is the units digit of d?
5
Let z(u) = -u**2 - 25*u + 30. Let q be z(-12). Let g = -332 + q. Let h = 14 - g. What is the hundreds digit of h?
1
Let i = -5009 - -9463. What is the thousands digit of i?
4
Let l(a) = 6*a**2 + 32 + 15*a + 5*a - 7*a**2. Let j be l(21). Let i(t) = -t**2 + 29*t - 30. What is the tens digit of i(j)?
6
Let h(x) = 1475*x - 10. Let r be h(14). Suppose -10*w + 50*w - r = 0. What is the hundreds digit of w?
5
Suppose 17*g - 2*g + 99884 = 356294. What is the thousands digit of g?
7
Suppose -5*m - 5*w - 224 + 849 = 0, 2*w - 496 = -4*m. What is the tens digit of -28 + m - (-3)/(-1)?
9
Let p(x) = -421*x**3 - 2*x**2 - 2*x - 1. Let o = -438 - -437. What is the tens digit of p(o)?
2
Let k(o) = o - 3. Let n be k(6). Suppose -n*i + 4*s = 5, -2*i + 6*s - 2 = 3*s. Let p(x) = 3*x + 37. What is the tens digit of p(i)?
1
Let z = 111 - 99. Suppose 0 = -23*l + 19*l + z. Suppose l*y - 9*y = -1602. What is the tens digit of y?
6
Suppose -4*v = v + 6880. Let s = -976 - v. What is the tens digit of s?
0
Let w = 840 + -439. Suppose -5*k = -4*k - w. What is the units digit of k?
1
Let u be (-6 - 3)*(-10)/30. What is the hundreds digit of (126/(-168))/(u/(-3588))?
8
Suppose 5*s + 2*o + 28 = 0, -3*s + 5*o + 4 = s. Let b = 254 + s. What is the units digit of b?
0
Let w(i) be the first derivative of 0*i + 1/3*i**3 + 5 - 1/2*i**2 + 55/2*i**4. What is the tens digit of w(1)?
1
Suppose -g + 41 = 4*l, -4*g + 3*l + 224 = 4*l. Suppose -5*h = -4*s - 252 + 39, 2*h = s + 57. Let z = s + g. What is the tens digit of z?
1
Let t(d) = 6*d**2 + 12*d - 39. Let i be t(9). Let f(c) = 47*c**3 + 3*c**2 - 2*c. Let h be f(2). Let m = i - h. What is the units digit of m?
1
Let s(q) = 43*q**2 + 3*q - 45. What is the thousands digit of s(12)?
6
Suppose -1671 + 27099 = -13*g. Let a = -1300 - g. What is the tens digit of a?
5
Suppose -2*j + 110700 = 5*f, -j = -15*f + 20*f - 55370. What is the hundreds digit of j?
3
Let l = 38 - 30. Suppose -l*n = -2*n - 1242. What is the units digit of n?
7
Let i(x) = 19*x**2 + 5*x + 4. Let c be i(-3). Suppose 10*w = 14*w + c. Let k = 3 - w. What is the tens digit of k?
4
Suppose 0 = 4*j - 381 - 51. Let n = -108 + j. Let w(g) = g**3 - g**2 + 124. What is the units digit of w(n)?
4
Let h be 473 + ((6 + 3)/(-3) - -1). Suppose -4*d + 5*o = -h, -8*o - 114 = -d - 3*o. Let y = -98 + d. What is the units digit of y?
1
What is the hundreds digit of 24/120 + 165749/5 + 4 + 4?
1
Suppose -280872 = -173*o + 149*o. What is the units digit of o?
3
Let h(b) = 4*b**3 - 91*b**2 - 25*b - 125. What is the tens digit of h(27)?
9
Suppose 5*m - 43252 = -n, -172989 = 2759*n - 2763*n - m. What is the units digit of n?
7
Suppose 12 = -y + 3*y - 3*w, 5*y = 5*w + 40. Let q be 60/27 - y/54. Suppose -2*n = -3*k + 434, 7 + 3 = q*n. What is the hundreds digit of k?
1
Let i(h) be the third derivative of h**6/120 + 23*h**5/60 + 5*h**4/6 + 9*h**3 + 660*h**2. Let m be (-1)/(-2 - -1) + -23. What is the tens digit of i(m)?
9
Let k = -8753 + 13952. What is the tens digit of k?
9
Let i(k) = k**3 - 5*k**2 + 6*k - 3. Let d be i(4). Suppose -d*w - 2246 = 4*x - 3*w, -2825 = 5*x - w. Let z = -387 - x. What is the tens digit of z?
7
Let q = 93 - 64. Let s = q + -47. What is the tens digit of s/((84/32)/(-7))?
4
Suppose 0 = 2*z + 2*d - 24, 19 = 2*z - 4*d + 7. What is the units digit of 3662/z + (-9 - (-308)/35)?
6
Suppose 4*k - 162*n - 39313 = -167*n, -2*k + 3*n = -19651. What is the tens digit of k?
2
Suppose -85*q + 19*q = -494802. What is the tens digit of q?
9
Let k be (-2386)/14 + (-24)/42. Let x = 292 + k. Suppose -p + 5*l = -x, -l - 95 - 22 = -p. What is the hundreds digit of p?
1
Suppose 11*d - 9766 = 78388. What is the tens digit of d?
1
Let n be 2/(-6) - (-37012)/57. Suppose 4*d + 2*j - n = 5*j, 2*d - 317 = 3*j. Let q = d + -110. What is the tens digit of q?
5
Suppose 8 = 3*k - 13. Suppose -k*o + 2*o = -200. Let i = o + -17. What is the tens digit of i?
2
Suppose -42 = -5*v + 9*s - 6*s, 4*s = -16. Let r be -2 - (28 - 0)/(-2). Suppose v*i = r*i - 390. What is the units digit of i?
5
Suppose -1895664 = -83*g + 682565. What is the tens digit of g?
6
Suppose -3*i - 3 = -5*t, 0*t - 3*i - 3 = t. Suppose 0 = -q - 2*a + 70, 0 = -2*q - t*q + 3*a + 154. Let z = 41 + q. What is the units digit of z?
5
Let h(k) = 982*k + 6. Let q = -426 - -427. What is the hundreds digit of h(q)?
9
Let v = 1587 + -692. Let g = -466 + v. What is the hundreds digit of g?
4
Let u(x) = 95*x - 40. Let z be u(10). Let a = z - 466. Let r = a + -301. What is the hundreds digit of r?
1
Let h = -1769 - -8311. What is the units digit of h?
2
Let k(z) = -4*z**3 - 17*z**2 - 13*z - 6. Let g be -2*(-93)/(-26) - (-56)/364. What is the tens digit of k(g)?
2
Suppose -33*h + 552304 = 20*h + 86487. What is the tens digit of h?
8
Suppose 0 = -q - 199*q + 1614000. What is the units digit of q?
0
Let l = 37 + -34. Suppose 0 = h + 1 - l. What is the units digit of (-1)/1*((-115 - h) + -2)?
9
Suppose -2*p - 5*g = -10523, -g + 15801 = 3*p + g. What is the tens digit of p?
6
Let m be 8/18 - 28390/(-153). Let d = 394 + m. What is the tens digit of d?
8
Let u(p) = -4*p**2 + 5*p + 3. Let x be 15/(-25) + (-6)/15. Let m(s) = -s**2 - 1. Let n(q) = x*u(q) - 2*m(q). What is the tens digit of n(-2)?
3
Suppose -z = -l + 9942, 5*z - 59630 = 5*l - 11*l. What is the thousands digit of l?
9
Suppose 2*f - 52088 = -2*t, -18*f - 130150 = -23*f + 5*t. What is the hundreds digit of f?
0
Let c = -78344 - -147557. What is the thousands digit of c?
9
Suppose -2*z + 3*z = -5. What is the units digit of (-2 + 4*(-1)/z)*-285?
2
Let z be (-12)/32 + 55/40. What is the units digit of (-35042)/(-91) - z/13?
5
Suppose -4*v - 920 = -12*v. What is the tens digit of v + 4/18 + 144/81?
1
Let l = 71050 - 31625. What is the hundreds digit of l?
4
Let i = 23 + -24. Let u(p) be the second derivative of -6*p**3 + 9*p. What is the units digit of u(i)?
6
Let h = 55 - 21. Let x(o) = -8*o - 13. Let d be x(-6). Let j = d - h. What is the units digit of j?
1
Let i = -508 + 148. Suppose 3*q + 2*u = -625, -314 - 291 = 3*q - 2*u. Let r = q - i. What is the units digit of r?
5
Suppose 405367 = 10*z + 29*z - 281891. What is the ten thousands digit of z?
1
Let m = -397 - -57036. What is the tens digit of m?
3
Suppose -3*t = -2*t - 3. Suppose -4*k - 2*y = -y - 831, -413 = -2*k - y. Suppose 0 = -t*z - 3*x + 123, 5*z - 4*x + 7*x - k = 0. What is the tens digit of z?
4
Suppose 0 = 4*f - 5*f - 57. Let z be (-3)/5 + (-3)/(-15)*f. What is the units digit of (-98)/(-12) - 10/z?
9
Suppose 5*z = -10, -162*f = -164*f - 3*z + 80654. What is the units digit of f?
0
What is the thousands digit of (217791/(-7))/(-9) - 1?
3
Suppose -118*m - 271728 = -169*m. What is the hundreds digit of m?
3
Suppose 452*c - 462*c = -176120. What is the units digit of c?
2
Suppose 501 = 2*c - 3*n - 998, -5*n - 